e factors of 112848.
2, 3, 2351
What are the prime factors of 8167?
8167
What are the prime factors of 32627?
7, 59, 79
What are the prime factors of 4537?
13, 349
What are the prime factors of 1434?
2, 3, 239
List the prime factors of 32984.
2, 7, 19, 31
List the prime factors of 261.
3, 29
What are the prime factors of 49853?
49853
List the prime factors of 127448.
2, 89, 179
What are the prime factors of 13489?
7, 41, 47
What are the prime factors of 828?
2, 3, 23
What are the prime factors of 42681?
3, 41, 347
List the prime factors of 878.
2, 439
List the prime factors of 4736.
2, 37
What are the prime factors of 12498?
2, 3, 2083
What are the prime factors of 1007?
19, 53
What are the prime factors of 1282?
2, 641
List the prime factors of 33056.
2, 1033
List the prime factors of 636.
2, 3, 53
What are the prime factors of 21188?
2, 5297
What are the prime factors of 2836?
2, 709
What are the prime factors of 1490?
2, 5, 149
List the prime factors of 9460.
2, 5, 11, 43
List the prime factors of 8878.
2, 23, 193
What are the prime factors of 3556?
2, 7, 127
List the prime factors of 12067.
11, 1097
List the prime factors of 6809.
11, 619
What are the prime factors of 3383?
17, 199
What are the prime factors of 1905?
3, 5, 127
What are the prime factors of 1515?
3, 5, 101
List the prime factors of 4056.
2, 3, 13
List the prime factors of 7824.
2, 3, 163
List the prime factors of 107644.
2, 17, 1583
List the prime factors of 1237.
1237
List the prime factors of 16473.
3, 17, 19
List the prime factors of 908.
2, 227
List the prime factors of 3392.
2, 53
List the prime factors of 143899.
7, 61, 337
List the prime factors of 5333.
5333
List the prime factors of 1109.
1109
List the prime factors of 57614.
2, 28807
List the prime factors of 4539.
3, 17, 89
List the prime factors of 57826.
2, 29, 997
List the prime factors of 6782.
2, 3391
What are the prime factors of 49288?
2, 61, 101
List the prime factors of 10716.
2, 3, 19, 47
What are the prime factors of 11362?
2, 13, 19, 23
List the prime factors of 20366.
2, 17, 599
What are the prime factors of 566?
2, 283
List the prime factors of 7463.
17, 439
What are the prime factors of 267?
3, 89
What are the prime factors of 640?
2, 5
What are the prime factors of 2643?
3, 881
List the prime factors of 3458.
2, 7, 13, 19
List the prime factors of 6056.
2, 757
List the prime factors of 2960.
2, 5, 37
List the prime factors of 8783.
8783
List the prime factors of 60.
2, 3, 5
List the prime factors of 13931.
13931
List the prime factors of 3731.
7, 13, 41
List the prime factors of 14292.
2, 3, 397
List the prime factors of 1591.
37, 43
What are the prime factors of 20711?
139, 149
What are the prime factors of 11095?
5, 7, 317
List the prime factors of 19876.
2, 4969
List the prime factors of 1071.
3, 7, 17
What are the prime factors of 56678?
2, 17, 1667
What are the prime factors of 5160?
2, 3, 5, 43
List the prime factors of 69173.
13, 17, 313
What are the prime factors of 38063?
17, 2239
List the prime factors of 32706.
2, 3, 23, 79
What are the prime factors of 2396?
2, 599
What are the prime factors of 5707?
13, 439
List the prime factors of 1943.
29, 67
List the prime factors of 77030.
2, 5, 7703
List the prime factors of 1939.
7, 277
List the prime factors of 1411.
17, 83
What are the prime factors of 5817?
3, 7, 277
What are the prime factors of 2521?
2521
List the prime factors of 139866.
2, 3, 23311
List the prime factors of 11184.
2, 3, 233
List the prime factors of 852.
2, 3, 71
What are the prime factors of 820?
2, 5, 41
What are the prime factors of 631?
631
List the prime factors of 540.
2, 3, 5
What are the prime factors of 4600?
2, 5, 23
List the prime factors of 4397.
4397
What are the prime factors of 19221?
3, 43, 149
List the prime factors of 13525.
5, 541
List the prime factors of 156362.
2, 37, 2113
List the prime factors of 4118.
2, 29, 71
List the prime factors of 10684.
2, 2671
What are the prime factors of 2432?
2, 19
What are the prime factors of 1335?
3, 5, 89
What are the prime factors of 4312?
2, 7, 11
List the prime factors of 1843.
19, 97
List the prime factors of 2437.
2437
What are the prime factors of 25789?
17, 37, 41
List the prime factors of 12218.
2, 41, 149
List the prime factors of 346.
2, 173
List the prime factors of 471.
3, 157
List the prime factors of 1230.
2, 3, 5, 41
List the prime factors of 97031.
11, 8821
List the prime factors of 98.
2, 7
List the prime factors of 14620.
2, 5, 17, 43
List the prime factors of 4054.
2, 2027
What are the prime factors of 66151?
83, 797
List the prime factors of 1492.
2, 373
What are the prime factors of 18627?
3, 7, 887
What are the prime factors of 133753?
59, 2267
What are the prime factors of 6904?
2, 863
What are the prime factors of 2052?
2, 3, 19
List the prime factors of 108299.
37, 2927
List the prime factors of 879.
3, 293
What are the prime factors of 98089?
47, 2087
List the prime factors of 454.
2, 227
List the prime factors of 141175.
5, 5647
List the prime factors of 3596.
2, 29, 31
List the prime factors of 243.
3
List the prime factors of 305.
5, 61
List the prime factors of 375.
3, 5
List the prime factors of 3449.
3449
What are the prime factors of 1413?
3, 157
What are the prime factors of 19511?
109, 179
What are the prime factors of 109954?
2, 13, 4229
What are the prime factors of 8806?
2, 7, 17, 37
List the prime factors of 1293.
3, 431
List the prime factors of 33884.
2, 43, 197
List the prime factors of 50573.
103, 491
What are the prime factors of 24475?
5, 11, 89
List the prime factors of 85785.
3, 5, 7, 19, 43
List the prime factors of 12602.
2, 6301
List the prime factors of 7987.
7, 163
What are the prime factors of 231?
3, 7, 11
List the prime factors of 47318.
2, 59, 401
List the prime factors of 13965.
3, 5, 7, 19
What are the prime factors of 805?
5, 7, 23
What are the prime factors of 1249?
1249
What are the prime factors of 8683?
19, 457
What are the prime factors of 126876?
2, 3, 97, 109
What are the prime factors of 2388?
2, 3, 199
What are the prime factors of 600?
2, 3, 5
List the prime factors of 106860.
2, 3, 5, 13, 137
List the prime factors of 7012.
2, 1753
What are the prime factors of 29697?
3, 19, 521
What are the prime factors of 10835?
5, 11, 197
List the prime factors of 18599.
7, 2657
What are the prime factors of 22857?
3, 19, 401
What are the prime factors of 15141?
3, 7, 103
List the prime factors of 433.
433
List the prime factors of 8008.
2, 7, 11, 13
What are the prime factors of 1491?
3, 7, 71
List the prime factors of 610.
2, 5, 61
List the prime factors of 51492.
2, 3, 7, 613
What are the prime factors of 14996?
2, 23, 163
What are the prime factors of 79542?
2, 3, 491
What are the prime factors of 114562?
2, 7, 167
List the prime factors of 41966.
2, 20983
List the prime factors of 68877.
3, 2551
What are the prime factors of 37767?
3, 12589
What are the prime factors of 111389?
23, 29, 167
List the prime factors of 6608.
2, 7, 59
List the prime factors of 1397.
11, 127
What are the prime factors of 48677?
48677
List the prime factors of 4819.
61, 79
List the prime factors of 616.
2, 7, 11
List the prime factors of 2382.
2, 3, 397
List the prime factors of 1698.
2, 3, 283
List the prime factors of 673.
673
List the prime factors of 18640.
2, 5, 233
List the prime factors of 40086.
2, 3, 17, 131
What are the prime factors of 19749?
3, 29, 227
List the prime factors of 3606.
2, 3, 601
List the prime factors of 118096.
2, 11, 61
List the prime factors of 70658.
2, 7, 103
List the prime factors of 5044.
2, 13, 97
List the prime factors of 1290.
2, 3, 5, 43
What are the prime factors of 2673?
3, 11
What are the prime factors of 17664?
2, 3, 23
List the prime factors of 30074.
2, 11, 1367
What are the prime factors of 1596?
2, 3, 7, 19
List the prime factors of 66682.
2, 7, 11, 433
List the prime factors of 95196.
2, 3, 7933
List the prime factors of 1020.
2, 3, 5, 17
List the prime factors of 21666.
2, 3, 23, 157
What are the prime factors of 1181?
1181
What are the prime factors of 85496?
2, 10687
List the prime factors of 13393.
59, 227
What are the prime factors of 7907?
7907
List the prime factors of 9199.
9199
List the prime factors of 43341.
3, 1444